{"id":432,"date":"2021-08-08T08:24:40","date_gmt":"2021-08-08T08:24:40","guid":{"rendered":"https:\/\/jtpharma.es\/nuevaweb2025\/?page_id=432"},"modified":"2025-08-04T12:06:32","modified_gmt":"2025-08-04T12:06:32","slug":"politica-de-privacidad","status":"publish","type":"page","link":"https:\/\/jtpharma.es\/nuevaweb2025\/politica-de-privacidad\/","title":{"rendered":"Pol\u00edtica de privacidad"},"content":{"rendered":"\n<p>En cumplimiento de lo dispuesto en la Ley Org\u00e1nica 15\/1999, de 13 de Diciembre, de Protecci\u00f3n de Datos de Car\u00e1cter Personal (LOPD) se informa al usuario que todos los datos que nos proporcione ser\u00e1n incorporados a un fichero, creado y mantenido bajo la responsabilidad de&nbsp;JTPHARMA.<\/p>\n\n\n\n<p>Siempre se va a respetar la confidencialidad de sus datos personales que s\u00f3lo ser\u00e1n utilizados con la finalidad de gestionar los servicios ofrecidos, atender a las solicitudes que nos plantee y realizar tareas administrativas.<\/p>\n\n\n\n<p>Para ejercer sus derechos de oposici\u00f3n, rectificaci\u00f3n o cancelaci\u00f3n puede escribirnos al siguiente correo info@jtpharma.es.<\/p>\n\n\n\n<p>Ning\u00fan material publicado en esta web podr\u00e1 ser reproducido, copiado o publicado sin el consentimiento por escrito de JTPHARMA.<\/p>\n","protected":false},"excerpt":{"rendered":"<p>En cumplimiento de lo dispuesto en la Ley Org\u00e1nica 15\/1999, [&#8230;]<\/p>\n","protected":false},"author":1,"featured_media":0,"parent":0,"menu_order":0,"comment_status":"closed","ping_status":"closed","template":"","meta":{"footnotes":""},"yst_prominent_words":[],"class_list":["post-432","page","type-page","status-publish","hentry"],"_links":{"self":[{"href":"https:\/\/jtpharma.es\/nuevaweb2025\/wp-json\/wp\/v2\/pages\/432","targetHints":{"allow":["GET"]}}],"collection":[{"href":"https:\/\/jtpharma.es\/nuevaweb2025\/wp-json\/wp\/v2\/pages"}],"about":[{"href":"https:\/\/jtpharma.es\/nuevaweb2025\/wp-json\/wp\/v2\/types\/page"}],"author":[{"embeddable":true,"href":"https:\/\/jtpharma.es\/nuevaweb2025\/wp-json\/wp\/v2\/users\/1"}],"replies":[{"embeddable":true,"href":"https:\/\/jtpharma.es\/nuevaweb2025\/wp-json\/wp\/v2\/comments?post=432"}],"version-history":[{"count":1,"href":"https:\/\/jtpharma.es\/nuevaweb2025\/wp-json\/wp\/v2\/pages\/432\/revisions"}],"predecessor-version":[{"id":433,"href":"https:\/\/jtpharma.es\/nuevaweb2025\/wp-json\/wp\/v2\/pages\/432\/revisions\/433"}],"wp:attachment":[{"href":"https:\/\/jtpharma.es\/nuevaweb2025\/wp-json\/wp\/v2\/media?parent=432"}],"wp:term":[{"taxonomy":"yst_prominent_words","embeddable":true,"href":"https:\/\/jtpharma.es\/nuevaweb2025\/wp-json\/wp\/v2\/yst_prominent_words?post=432"}],"curies":[{"name":"wp","href":"https:\/\/api.w.org\/{rel}","templated":true}]}}